factors of 31203794.
2, 31, 503287
List the prime factors of 505922379.
3, 168640793
What are the prime factors of 451828690?
2, 5, 45182869
List the prime factors of 4272033112.
2, 19, 127, 221303
List the prime factors of 23067984.
2, 3, 480583
List the prime factors of 3222519237.
3, 7, 29, 151, 11681
What are the prime factors of 132164181?
3, 14684909
What are the prime factors of 28077933?
3, 13, 719947
List the prime factors of 838561615.
5, 67, 617, 4057
What are the prime factors of 970654482?
2, 3, 7, 19, 135151
List the prime factors of 202102192.
2, 12631387
What are the prime factors of 724063667?
23, 1423, 22123
List the prime factors of 836205962.
2, 17, 67, 331, 1109
List the prime factors of 862273269.
3, 11, 13, 17, 29, 151
What are the prime factors of 547079589?
3, 7, 67, 14401
What are the prime factors of 425731655?
5, 109, 503, 1553
List the prime factors of 105639825.
3, 5, 1103, 1277
What are the prime factors of 2497188806?
2, 7, 59, 311, 9721
List the prime factors of 13994380.
2, 5, 699719
What are the prime factors of 1376170918?
2, 688085459
What are the prime factors of 44272974?
2, 3, 7378829
What are the prime factors of 287884601?
3853, 74717
What are the prime factors of 374210?
2, 5, 23, 1627
List the prime factors of 330245825.
5, 7, 13, 17, 8539
What are the prime factors of 298219149?
3, 37, 895553
What are the prime factors of 160928015?
5, 2843, 11321
What are the prime factors of 184855995?
3, 5, 4107911
List the prime factors of 182708460.
2, 3, 5, 11, 10253
What are the prime factors of 7112834854?
2, 42451, 83777
List the prime factors of 2665593965.
5, 17, 139, 225611
What are the prime factors of 259186712?
2, 1597, 20287
What are the prime factors of 30661728?
2, 3, 31, 10303
What are the prime factors of 4758151753?
73, 2203, 29587
What are the prime factors of 40255661?
19, 337, 6287
List the prime factors of 369808555.
5, 73961711
What are the prime factors of 2954320674?
2, 3, 857, 574547
List the prime factors of 2851052680.
2, 5, 7, 10182331
List the prime factors of 756756207.
3, 17, 53, 93323
List the prime factors of 39586289.
23, 1721143
What are the prime factors of 55130256?
2, 3, 173, 2213
What are the prime factors of 556130181?
3, 1783, 103969
What are the prime factors of 7241587526?
2, 41, 3863, 22861
What are the prime factors of 109913977?
43, 2556139
What are the prime factors of 54532363?
751, 72613
What are the prime factors of 4379297?
13, 25913
List the prime factors of 98369643.
3, 23, 37, 53, 727
What are the prime factors of 53653684?
2, 7, 31, 61813
What are the prime factors of 101064267?
3, 547, 2281
List the prime factors of 94212848.
2, 1619, 3637
What are the prime factors of 105483259?
7, 67, 224911
What are the prime factors of 257762510?
2, 5, 25776251
List the prime factors of 71222831.
53, 811, 1657
List the prime factors of 5761972.
2, 1440493
List the prime factors of 331106756.
2, 17, 1217, 4001
List the prime factors of 249092204.
2, 19, 1201, 2729
List the prime factors of 125943768.
2, 3, 23, 101, 251
List the prime factors of 3156511351.
7, 29, 317333
List the prime factors of 324818277.
3, 7, 41, 377257
What are the prime factors of 4893091?
7, 99859
List the prime factors of 3359644910.
2, 5, 335964491
What are the prime factors of 2634885986?
2, 1317442993
What are the prime factors of 166909412?
2, 653, 63901
What are the prime factors of 39023681?
67, 239, 2437
What are the prime factors of 8318270275?
5, 7, 23, 1163, 1777
List the prime factors of 488882248.
2, 601, 101681
List the prime factors of 2835740479.
11, 13, 43, 461171
List the prime factors of 1553816292.
2, 3, 7, 18497813
List the prime factors of 1640645708.
2, 13, 31550879
List the prime factors of 18610153.
641, 29033
What are the prime factors of 226462351?
1663, 136177
What are the prime factors of 4586360651?
30493, 150407
List the prime factors of 1233791262.
2, 3, 11, 317, 1787
List the prime factors of 127423257.
3, 13, 103, 31721
List the prime factors of 149778521.
59, 2538619
What are the prime factors of 312385661?
7, 44626523
List the prime factors of 85095879.
3, 11, 1471, 1753
What are the prime factors of 1387643382?
2, 3, 77091299
What are the prime factors of 118053452?
2, 11, 421, 6373
List the prime factors of 6866692633.
6866692633
List the prime factors of 111918038.
2, 17, 3291707
List the prime factors of 53523232.
2, 7, 238943
What are the prime factors of 13184088?
2, 3, 641, 857
What are the prime factors of 1241282362?
2, 620641181
What are the prime factors of 5023053980?
2, 5, 7, 35878957
What are the prime factors of 5551465?
5, 101, 10993
What are the prime factors of 31471030?
2, 5, 19, 73, 2269
What are the prime factors of 1325846508?
2, 3, 7, 773, 2917
What are the prime factors of 4383377725?
5, 175335109
What are the prime factors of 306369567?
3, 7, 643, 2521
What are the prime factors of 1662714353?
127, 179, 73141
What are the prime factors of 56872418?
2, 28436209
List the prime factors of 1164218891.
11, 29, 1033, 3533
List the prime factors of 3734632052.
2, 933658013
List the prime factors of 78420866.
2, 19, 2063707
List the prime factors of 14111906.
2, 7055953
List the prime factors of 8070819612.
2, 3, 672568301
What are the prime factors of 1134202?
2, 567101
What are the prime factors of 14439869?
101, 142969
What are the prime factors of 52032391?
1361, 38231
What are the prime factors of 136570135?
5, 13, 29, 53, 1367
List the prime factors of 2284555462.
2, 7, 5839, 27947
What are the prime factors of 772514870?
2, 5, 77251487
What are the prime factors of 131761951?
17, 2179, 3557
List the prime factors of 211628103.
3, 31, 59, 38569
List the prime factors of 761469916.
2, 17, 19, 37, 937
List the prime factors of 16584370.
2, 5, 11, 150767
List the prime factors of 56134522.
2, 43, 652727
What are the prime factors of 1241867635?
5, 23, 10798849
List the prime factors of 2931216157.
41, 89, 739, 1087
What are the prime factors of 266911451?
37, 67, 1607
List the prime factors of 5036068700.
2, 5, 13, 167, 23197
List the prime factors of 532246937.
79, 6737303
List the prime factors of 157230327.
3, 6917, 7577
List the prime factors of 46187608.
2, 5773451
What are the prime factors of 197187672?
2, 3, 11, 431, 1733
What are the prime factors of 8013459?
3, 19, 140587
List the prime factors of 241744532.
2, 37, 1633409
What are the prime factors of 174775992?
2, 3, 7282333
List the prime factors of 94072753.
94072753
What are the prime factors of 1880173405?
5, 11, 19, 31, 127, 457
List the prime factors of 101775407.
41, 97, 157, 163
List the prime factors of 1783334656.
2, 6966151
What are the prime factors of 194901805?
5, 7, 31, 179633
What are the prime factors of 35309884?
2, 17, 353, 1471
What are the prime factors of 844966848?
2, 3, 11, 59, 6781
List the prime factors of 39938234.
2, 7, 8317
List the prime factors of 2026403795.
5, 13, 2398111
What are the prime factors of 165475657?
9619, 17203
List the prime factors of 190512298.
2, 31, 59, 52081
What are the prime factors of 4142708206?
2, 7, 13, 17, 19, 3709
What are the prime factors of 109686549?
3, 7, 746167
What are the prime factors of 3338866?
2, 1669433
What are the prime factors of 3343800642?
2, 3, 7, 13, 1051, 5827
List the prime factors of 65195821.
19, 31, 71, 1559
What are the prime factors of 2172708342?
2, 3, 7, 17243717
What are the prime factors of 311299578?
2, 3, 97, 103, 577
What are the prime factors of 1885537878?
2, 3, 7, 73, 614983
What are the prime factors of 338644542?
2, 3, 29, 59, 32987
What are the prime factors of 81782845?
5, 16356569
What are the prime factors of 332503066?
2, 7, 467, 50857
List the prime factors of 103101072.
2, 3, 829, 2591
What are the prime factors of 71915845?
5, 41, 350809
What are the prime factors of 37900215?
3, 5, 61, 13807
List the prime factors of 11382864.
2, 3, 237143
List the prime factors of 175702177.
7, 19, 59, 22391
List the prime factors of 125795862.
2, 3, 2329553
List the prime factors of 1104633512.
2, 23, 6003443
What are the prime factors of 830349778?
2, 11087, 37447
What are the prime factors of 90919278?
2, 3, 307, 16453
What are the prime factors of 1816461088?
2, 13, 4366493
List the